t is the remainder when 5644 is divided by 5140?
504
Calculate the remainder when 8187 is divided by 681.
15
What is the remainder when 272619 is divided by 45433?
21
What is the remainder when 2189 is divided by 131?
93
Calculate the remainder when 115614 is divided by 388.
378
What is the remainder when 24574 is divided by 38?
26
Calculate the remainder when 893 is divided by 502.
391
Calculate the remainder when 325017 is divided by 520.
17
What is the remainder when 1252 is divided by 423?
406
Calculate the remainder when 440 is divided by 132.
44
Calculate the remainder when 6286 is divided by 6267.
19
What is the remainder when 13528 is divided by 598?
372
Calculate the remainder when 6582351 is divided by 43.
40
What is the remainder when 80793 is divided by 1719?
0
What is the remainder when 16996 is divided by 3397?
11
Calculate the remainder when 1189794 is divided by 10.
4
What is the remainder when 482658 is divided by 24?
18
What is the remainder when 6078 is divided by 70?
58
What is the remainder when 50701 is divided by 12657?
73
What is the remainder when 166768 is divided by 3088?
16
What is the remainder when 49749 is divided by 1035?
69
What is the remainder when 2443 is divided by 559?
207
What is the remainder when 109601 is divided by 84?
65
Calculate the remainder when 23442 is divided by 50.
42
What is the remainder when 371903 is divided by 1127?
1120
Calculate the remainder when 33968 is divided by 109.
69
What is the remainder when 81391 is divided by 27123?
22
What is the remainder when 10520 is divided by 479?
461
What is the remainder when 15931 is divided by 569?
568
What is the remainder when 4148 is divided by 8?
4
Calculate the remainder when 189413 is divided by 15.
8
Calculate the remainder when 5255 is divided by 165.
140
What is the remainder when 4386591 is divided by 112?
111
Calculate the remainder when 945 is divided by 817.
128
Calculate the remainder when 1763 is divided by 587.
2
Calculate the remainder when 695 is divided by 681.
14
Calculate the remainder when 71293 is divided by 74.
31
Calculate the remainder when 6071 is divided by 6029.
42
What is the remainder when 220225 is divided by 381?
7
Calculate the remainder when 6630 is divided by 6605.
25
What is the remainder when 9035 is divided by 2?
1
What is the remainder when 3201 is divided by 1058?
27
Calculate the remainder when 89606 is divided by 13.
10
What is the remainder when 201791 is divided by 12?
11
Calculate the remainder when 1568 is divided by 371.
84
Calculate the remainder when 933 is divided by 920.
13
Calculate the remainder when 187995 is divided by 20.
15
What is the remainder when 2362 is divided by 331?
45
What is the remainder when 465551 is divided by 318?
317
What is the remainder when 3918 is divided by 146?
122
What is the remainder when 80722 is divided by 1614?
22
Calculate the remainder when 24854 is divided by 551.
59
What is the remainder when 2580436 is divided by 201?
199
What is the remainder when 203 is divided by 22?
5
Calculate the remainder when 182743 is divided by 85.
78
Calculate the remainder when 1571 is divided by 14.
3
What is the remainder when 523115 is divided by 11?
10
Calculate the remainder when 2481529 is divided by 15.
4
What is the remainder when 27052 is divided by 13510?
32
Calculate the remainder when 13428 is divided by 729.
306
Calculate the remainder when 529403 is divided by 59.
55
Calculate the remainder when 5467 is divided by 88.
11
Calculate the remainder when 448 is divided by 49.
7
What is the remainder when 64613 is divided by 136?
13
What is the remainder when 14021 is divided by 11?
7
What is the remainder when 1260 is divided by 6?
0
What is the remainder when 282 is divided by 48?
42
Calculate the remainder when 993 is divided by 822.
171
Calculate the remainder when 23916 is divided by 434.
46
What is the remainder when 179852 is divided by 460?
452
What is the remainder when 8793 is divided by 469?
351
Calculate the remainder when 302348 is divided by 329.
326
Calculate the remainder when 4117907 is divided by 327.
323
What is the remainder when 68368 is divided by 53?
51
Calculate the remainder when 7330 is divided by 77.
15
Calculate the remainder when 54059 is divided by 17.
16
Calculate the remainder when 2496 is divided by 1248.
0
What is the remainder when 99277 is divided by 27?
25
Calculate the remainder when 2223 is divided by 1034.
155
What is the remainder when 727 is divided by 199?
130
What is the remainder when 28350 is divided by 5668?
10
What is the remainder when 8965 is divided by 1469?
151
Calculate the remainder when 2166 is divided by 2163.
3
What is the remainder when 24219 is divided by 1167?
879
What is the remainder when 3212 is divided by 639?
17
Calculate the remainder when 2089432 is divided by 61.
60
What is the remainder when 7120 is divided by 509?
503
What is the remainder when 7078 is divided by 707?
8
What is the remainder when 189892 is divided by 2042?
2028
What is the remainder when 151991 is divided by 12?
11
What is the remainder when 248 is divided by 107?
34
Calculate the remainder when 52305 is divided by 513.
492
What is the remainder when 22514 is divided by 5626?
10
Calculate the remainder when 9048 is divided by 61.
20
Calculate the remainder when 117108 is divided by 70.
68
What is the remainder when 272108 is divided by 90699?
11
Calculate the remainder when 104074 is divided by 161.
68
What is the remainder when 43997 is divided by 220?
217
Calculate the remainder when 84364 is divided by 555.
4
What is the remainder when 8035 is divided by 57?
55
Calculate the remainder when 17587 is divided by 17566.
21
What is the remainder when 3076 is divided by 974?
154
What is the remainder when 11031 is divided by 992?
119
What is the remainder when 328452 is divided by 112?
68
Calculate the remainder when 22900 is divided by 11440.
20
What is the remainder when 11133 is divided by 96?
93
Calculate the remainder when 957 is divided by 319.
0
Calculate the remainder when 3321 is divided by 952.
465
What is the remainder when 351623 is divided by 483?
482
What is the remainder when 185691 is divided by 32?
27
Calculate the remainder when 15026 is divided by 1501.
16
Calculate the remainder when 56877 is divided by 14.
9
What is the remainder when 27729 is divided by 21?
9
Calculate the remainder when 51397 is divided by 17113.
58
What is the remainder when 3184 is divided by 786?
40
Calculate the remainder when 41301 is divided by 13766.
3
Calculate the remainder when 497405 is divided by 26.
25
Calculate the remainder when 42769 is divided by 2043.
1909
What is the remainder when 50698 is divided by 239?
30
What is the remainder when 15561 is divided by 3436?
1817
What is the remainder when 109567 is divided by 497?
227
What is the remainder when 5161 is divided by 226?
189
Calculate the remainder when 120282 is divided by 14.
8
What is the remainder when 969020 is divided by 138430?
10
What is the remainder when 53703 is divided by 43?
39
Calculate the remainder when 15751 is divided by 7859.
33
What is the remainder when 11649 is divided by 8?
1
Calculate the remainder when 14299 is divided by 46.
39
Calculate the remainder when 61994 is divided by 15493.
22
What is the remainder when 5100 is divided by 1625?
225
Calculate the remainder when 18002 is divided by 1766.
342
Calculate the remainder when 42973 is divided by 196.
49
Calculate the remainder when 52871 is divided by 1762.
11
What is the remainder when 808 is divided by 329?
150
What is the remainder when 9747 is divided by 212?
207
What is the remainder when 1712635 is divided by 1389?
1387
Calculate the remainder when 3133 is divided by 60.
13
Calculate the remainder when 1745 is divided by 1589.
156
Calculate the remainder when 32965 is divided by 16475.
15
What is the remainder when 64988 is divided by 47?
34
What is the remainder when 47 is divided by 8?
7
Calculate the remainder when 11757 is divided by 42.
39
What is the remainder when 17184 is divided by 170?
14
Calculate the remainder when 173697 is divided by 2757.
6
Calculate the remainder when 5015 is divided by 57.
56
What is the remainder when 6254 is divided by 92?
90
Calculate the remainder when 186